m + 5*h - 67 = 0. What is the tens digit of m?
1
Let v(n) = n + 3. Let i be v(3). Suppose -3*j = -c - 4 - 4, c + i = j. Suppose -2*k + j = -7. What is the units digit of k?
4
Suppose 0 = -11*n - 441 + 1387. What is the tens digit of n?
8
Let q = 6 - 3. Suppose 7*o - q*o = 60. What is the tens digit of o?
1
Suppose 8*m - 306 = 2*m. What is the tens digit of m?
5
Suppose -8 = -2*d + 8. Let l = 16 - d. What is the units digit of l?
8
Let t(c) = c + 6. Let f be t(0). Suppose f = 3*s - s. What is the units digit of s?
3
Let v(o) = 5*o**3 + o**2 - 4*o - 7. What is the units digit of v(4)?
3
Suppose 0 = -7*m + 3*m + 120. What is the tens digit of m?
3
Suppose -5*r = -93 - 67. Suppose -5*g - r = -277. What is the units digit of g?
9
Suppose -5*x + 137 = 17. What is the tens digit of x?
2
Suppose -2*s + 11 = 1. Suppose -3*q - 2*x = -s*q + 32, 0 = -5*x. What is the units digit of q?
6
Let v(s) = s**2 - 3*s - 2. Let a(x) = 3*x + 2. Let d(z) = 4*a(z) + 3*v(z). What is the tens digit of d(3)?
3
Let j(q) = -2*q + 17. Let a(o) = o - 8. Let w(d) = 7*a(d) + 3*j(d). Let p be w(8). Let g = 1 + p. What is the units digit of g?
4
Let f(u) = 29*u**2 - u + 1. Let l be f(1). Suppose -21 = -5*a + l. What is the tens digit of a?
1
Suppose 11 = -2*l + 4*l - k, 2*k - 2 = -4*l. Suppose -4*x + l*x + 7 = 0. What is the units digit of x?
7
Let t = 3 - 3. Suppose -3*p + 8 + 1 = t. What is the units digit of p?
3
Let x = -195 - -336. What is the tens digit of 18/(-12) - x/(-6)?
2
What is the units digit of (-4)/(-12)*6*32?
4
Let f(h) = 8*h**2 + 15*h + 4. What is the units digit of f(-6)?
2
Let u(l) = -26*l - 1. Let n be u(-1). Suppose 5*m = 5*v - n, -5*v - 4*m - 3 + 37 = 0. Suppose k - v = -3. What is the units digit of k?
3
Let f(h) = 5*h**2 - 6 + 18 - 4*h**2 + h. Suppose 6*s = -s. What is the units digit of f(s)?
2
Let o = 7 - -33. What is the units digit of o?
0
Let f(p) = -p - 2. Let z be f(-4). Suppose -2*t = 2, -70 = -0*m - z*m + 4*t. Suppose -5*h + 2*h + m = 0. What is the units digit of h?
1
Let m(d) = -d**2 - d - 1. Let z be m(-1). Let l be (z - -2)*1 - 4. What is the units digit of l/(3*-1) - -2?
3
Let a(q) = 23*q**3 - 2*q**2 + q - 4. What is the hundreds digit of a(2)?
1
Let w(f) = 2*f**2 + 18*f - 9. What is the units digit of w(-17)?
3
Let r = -64 - -120. What is the units digit of r?
6
Let p(c) = -3*c**2 + c + 5. Let s be p(-6). What is the tens digit of 12/(-36) - s/3?
3
Let v(o) = o - 3. Let c be v(3). Suppose 58 = 5*n - 3*t, 4*t = -n - c + 7. What is the units digit of n?
1
Let p be ((-5)/(-15))/((-1)/(-327)). Let d = -78 + p. What is the units digit of d?
1
Suppose -x - 4*x = 0. Let c be x*1/3 - -4. Suppose -p = -2*p - c*t + 28, 4*t = 20. What is the units digit of p?
8
Let z = 30 - -183. What is the hundreds digit of z?
2
Let f = -55 - -100. What is the tens digit of f?
4
Suppose 5*f - 5 = -2*n, 25 = 3*n + 2*f + 2*f. What is the tens digit of n?
1
Suppose -2*c + 2*n + 82 = 0, -c + 170 = 4*c + 2*n. What is the tens digit of c?
3
Let p = 8 - 15. Let q = -1 - p. What is the units digit of q?
6
Let u(c) = c**2 + c + 2. Let k = -21 + -11. Let x be (-10)/(-35) + k/14. What is the units digit of u(x)?
4
Let s(k) = -8*k - 10. What is the tens digit of s(-5)?
3
Suppose 6*n - 24 = 3*n. Suppose -4*k + 20 - n = 0. What is the units digit of k?
3
Suppose -10*y - 1414 = -17*y. What is the tens digit of y?
0
Let z = -46 + 14. Let l = z - -56. Suppose -l = -2*f - 3*o - 0, -f + 26 = 5*o. What is the units digit of f?
6
Let z(o) = 2*o. Suppose l + 0 = -6. Let x(j) = -2*j - 6. Let v be x(l). What is the tens digit of z(v)?
1
Let m(h) = h + 2. Let g = -1 - -7. What is the units digit of m(g)?
8
Let m be (-5)/(-2)*(2 - 0). Let p(y) = -y + 6. What is the units digit of p(m)?
1
Let q = -7 - -11. Let u be (2/q)/(2/(-32)). Let b = -3 - u. What is the units digit of b?
5
Suppose 3*m - 15 - 129 = 0. What is the tens digit of m?
4
Let x(s) = -s**3 - s**2 - 2*s + 1. Let l be x(-2). What is the units digit of 3/2*-2 + l?
6
Let v = -4 + 5. Let h = 3 + v. Suppose 0 = -h*a - 4*p + 4, 0 = 8*a - 3*a - 5*p - 35. What is the units digit of a?
4
Let o be (-3)/(-6)*-4 + 6. Suppose -o = -0*f - 2*f - 3*x, -4*f = -5*x + 36. What is the tens digit of (-52)/(-6)*(-6)/f?
1
Let g(b) = -b - 1. Let w be g(-3). Let a(k) = -k**3 + k**2 - k. Let j be a(w). What is the units digit of (2 - 20/6)*j?
8
Let s(z) = 14*z**2 - 42*z + 10. What is the units digit of s(7)?
2
Suppose 2*l + 5*u - u = 514, -2*l - 2*u = -512. What is the hundreds digit of l?
2
Let b(p) = -p + 3*p**2 - 3*p**2 - 1 + 0*p**2 + p**2. What is the units digit of b(-3)?
1
Let b = 4 - 0. Suppose b*d = d. Suppose 5*y - y - 24 = d. What is the units digit of y?
6
Let p(o) = 9*o - 76. What is the units digit of p(16)?
8
Suppose -13*h = -11*h - 92. What is the tens digit of h?
4
Suppose 0 = -2*i - 3*i + 5*t + 105, 5*i - 4*t - 109 = 0. What is the units digit of i?
5
Let f(l) = -3*l**2 + 5. Let k(g) = -g**2 + g + 1. Let m(x) = -x**2 + 7*x + 4. Let z be m(7). Let d(j) = z*k(j) - f(j). What is the units digit of d(2)?
3
Suppose 5*u = -3*g + 30, u + 3 = 3*g - 3*u. Suppose 12 = -3*y, 4*o - 40 = -2*y + g*y. What is the units digit of o?
7
Let a(q) = q**3 + q. Suppose -2*l = 2 - 6. Let x be a(l). Suppose -20 = -2*c - 2*u, -5*c = -7*u + 2*u - x. What is the units digit of c?
6
Suppose x - 7*x = -36. Suppose -4*a - 3*f + 3 = -14, 0 = -4*a - f + 11. Suppose a*t - t = x. What is the units digit of t?
6
Suppose 0 = -2*o, -3*a + 45 = 2*o - o. Let w = 14 + a. Suppose 4*g = -5*i + w + 13, 12 = 3*i - 2*g. What is the units digit of i?
6
Let z(k) = k**3 + 5*k**2 - 8*k - 5. What is the units digit of z(-6)?
7
Let n(w) = 11*w - 9. What is the units digit of n(6)?
7
Let t = -122 - -205. What is the tens digit of t?
8
Suppose 2*g = g + 13. What is the units digit of (-8)/32 - g/(-4)?
3
Let i be (-4)/6*12/(-8). Suppose -s - i = -2. What is the units digit of s?
1
Let p(b) = 15*b**3 - 2*b**2 - b + 2. Let s = 9 + -8. What is the tens digit of p(s)?
1
Suppose b + 4 = 5*t, 2*b + 6 = 7*b + t. What is the units digit of b?
1
Let v = -11 + 9. What is the units digit of v/(-6)*3 - -35?
6
Suppose 4*g - 5*g = -3. Let q(x) = 2*x**2 - x - 2. What is the tens digit of q(g)?
1
Suppose 0 = 2*p - 4 - 6. Suppose p*b + 2*w = 93, -w + 4 = -0. What is the units digit of b?
7
Suppose 16*f - 5*f = 2530. What is the hundreds digit of f?
2
Let w(x) = 22*x - 9. What is the tens digit of w(4)?
7
Suppose 2*x - 2*p = 26, 5*x + 2*p = 16 + 21. Suppose 4*k + x = 6*k - 3*s, s = -3*k + 41. What is the units digit of (4/k)/(1/6)?
2
Let m = -3 - -1. Let s be (3 - 1)*(-2)/m. Suppose o + s*o = 15. What is the units digit of o?
5
Suppose -h - g + 0*g = 27, 0 = -h - 3*g - 33. Let p = h - -40. What is the tens digit of p?
1
Let x(l) = -l**2 - l + 5. Let z be x(-5). Let d = 43 + z. Suppose 0 = 5*g - i - d, 4*g = -i + 6*i + 35. What is the units digit of g?
5
Suppose -27 = -3*f - 12. Suppose 0*a = -4*a - 3*s + f, 3*a - 10 = 4*s. Suppose a = 2*h - 4. What is the units digit of h?
3
Let z(k) = 11*k**3 - 3*k**2 + 6*k - 1. What is the tens digit of z(2)?
8
Suppose 0 = -15*u + 1094 + 1141. What is the units digit of u?
9
Let n be (-6)/3 - (-42)/2. Let y = n - 11. Suppose 5*a + c - 41 = -3*c, 2*c = y. What is the units digit of a?
5
Let f be (-1 - (-22)/6)*-3. Suppose 2*s = 5*k - 31, -38 = 3*s - 2*k + 3*k. Let x = f - s. What is the units digit of x?
5
Let c = 11 + 3. Suppose c = 2*d + 34. Let t = d - -12. What is the units digit of t?
2
Let z(s) = s**3 + 5*s**2 - s - 11. Let o be z(-5). What is the units digit of (o/(-5))/((-9)/(-120))?
6
Let q(a) = -a**3 - 3*a**2 - a - 1. Let i be q(-3). Suppose 0 = i*n - 6*n. What is the units digit of 3/9*n + 2?
2
Suppose -4*o - k + 5 = 0, 5*k - 25 = o - 2*o. Suppose 5*u = 5*i + 20 - 110, -i - u + 10 = o. Suppose -5*b + 31 = -i. What is the units digit of b?
9
What is the units digit of -2 + 201/3 + 1?
6
Let b(k) = k**2 - 3*k - 2. Let v = -1 - -1. Suppose 5*u - 18 - 7 = v. What is the units digit of b(u)?
8
Suppose 65 = 5*n - 4*y, -2*n = 5*y + 14 - 7. Suppose 0 = -0*m + 3*m - n. Suppose 5*d + 5 + 0 = 0, -m*d = -3*s + 15. What is the units digit of s?
4
Suppose 0 = t - 6 - 6. Let r = 20 - t. What is the units digit of r?
8
Suppose 0 = -q + 2*q + 3. Let y be ((-2)/q)/((-1)/(-6)). S